{"id":41,"date":"2017-09-21T17:08:04","date_gmt":"2017-09-21T15:08:04","guid":{"rendered":"http:\/\/cristaldent.sk\/?page_id=41"},"modified":"2026-03-31T21:21:26","modified_gmt":"2026-03-31T19:21:26","slug":"o-nas","status":"publish","type":"page","link":"https:\/\/cristaldent.sk\/?page_id=41","title":{"rendered":"O n\u00e1s"},"content":{"rendered":"<p style=\"text-align: justify;\">Sme t\u00edm \u013eud\u00ed, ktor\u00fd je tu pre V\u00e1s, aby v\u00e1m poskytol profesion\u00e1lnu zdravotn\u00fa starostlivos\u0165. Pracujeme s najmodernej\u0161\u00edm vybaven\u00edm v pr\u00edjemnom prostred\u00ed s \u00fastretov\u00fdmi \u013eu\u010fmi.<\/p>\n<p style=\"text-align: justify;\">Na\u0161e stomatologick\u00e9 centrum vzniklo v roku 2017 ako odpove\u010f na dopyt po st\u00e1le sa zvy\u0161uj\u00facim \u0161tandardom v zubnom lek\u00e1rstve. N\u00e1jdete u n\u00e1s dve zubn\u00e9 ambulancie, dent\u00e1lnu hygienu a RTG pracovisko.<\/p>\n<p style=\"padding-left: 150px;\">Te\u0161\u00edme sa na Va\u0161u n\u00e1v\u0161tevu.<\/p>\n<p style=\"padding-left: 90px;\">\u00a0 \u00a0 \u00a0 \u00a0 \u00a0 \u00a0 \u00a0 \u00a0 \u00a0 \u00a0 \u00a0 \u00a0\u00a0<img loading=\"lazy\" decoding=\"async\" class=\"alignnone wp-image-240\" src=\"http:\/\/cristaldent.sk\/wp-content\/uploads\/2019\/02\/melus_text-189x300.jpg\" alt=\"\" width=\"250\" height=\"396\" srcset=\"https:\/\/cristaldent.sk\/wp-content\/uploads\/2019\/02\/melus_text-189x300.jpg 189w, https:\/\/cristaldent.sk\/wp-content\/uploads\/2019\/02\/melus_text-768x1218.jpg 768w, https:\/\/cristaldent.sk\/wp-content\/uploads\/2019\/02\/melus_text-646x1024.jpg 646w\" sizes=\"auto, (max-width: 250px) 100vw, 250px\" \/>\u00a0\u00a0<img loading=\"lazy\" decoding=\"async\" class=\"alignnone wp-image-239\" src=\"http:\/\/cristaldent.sk\/wp-content\/uploads\/2019\/02\/marcelka_text-189x300.jpg\" alt=\"\" width=\"250\" height=\"396\" srcset=\"https:\/\/cristaldent.sk\/wp-content\/uploads\/2019\/02\/marcelka_text-189x300.jpg 189w, https:\/\/cristaldent.sk\/wp-content\/uploads\/2019\/02\/marcelka_text-768x1218.jpg 768w, https:\/\/cristaldent.sk\/wp-content\/uploads\/2019\/02\/marcelka_text-646x1024.jpg 646w\" sizes=\"auto, (max-width: 250px) 100vw, 250px\" \/>\u00a0\u00a0<img loading=\"lazy\" decoding=\"async\" class=\"alignnone wp-image-238\" src=\"http:\/\/cristaldent.sk\/wp-content\/uploads\/2019\/02\/adka_text-189x300.jpg\" alt=\"\" width=\"250\" height=\"396\" srcset=\"https:\/\/cristaldent.sk\/wp-content\/uploads\/2019\/02\/adka_text-189x300.jpg 189w, https:\/\/cristaldent.sk\/wp-content\/uploads\/2019\/02\/adka_text-768x1218.jpg 768w, https:\/\/cristaldent.sk\/wp-content\/uploads\/2019\/02\/adka_text-646x1024.jpg 646w\" sizes=\"auto, (max-width: 250px) 100vw, 250px\" \/><\/p>\n<p><img loading=\"lazy\" decoding=\"async\" class=\"alignnone size-medium wp-image-204\" src=\"http:\/\/cristaldent.sk\/wp-content\/uploads\/2019\/01\/IMG_4997-Edit.jpg\" alt=\"\" width=\"1\" height=\"1\" \/><\/p>\n","protected":false},"excerpt":{"rendered":"<p>Sme t\u00edm \u013eud\u00ed, ktor\u00fd je tu pre V\u00e1s, aby v\u00e1m poskytol profesion\u00e1lnu zdravotn\u00fa starostlivos\u0165. Pracujeme s najmodernej\u0161\u00edm vybaven\u00edm v pr\u00edjemnom prostred\u00ed s \u00fastretov\u00fdmi \u013eu\u010fmi. Na\u0161e stomatologick\u00e9 centrum vzniklo v roku 2017 ako odpove\u010f na dopyt po st\u00e1le sa zvy\u0161uj\u00facim \u0161tandardom v zubnom lek\u00e1rstve. N\u00e1jdete u n\u00e1s dve zubn\u00e9 ambulancie, dent\u00e1lnu hygienu a RTG pracovisko. Te\u0161\u00edme [&hellip;]<\/p>\n","protected":false},"author":1,"featured_media":220,"parent":0,"menu_order":0,"comment_status":"closed","ping_status":"closed","template":"","meta":{"footnotes":""},"class_list":["post-41","page","type-page","status-publish","has-post-thumbnail","czr-hentry"],"_links":{"self":[{"href":"https:\/\/cristaldent.sk\/index.php?rest_route=\/wp\/v2\/pages\/41","targetHints":{"allow":["GET"]}}],"collection":[{"href":"https:\/\/cristaldent.sk\/index.php?rest_route=\/wp\/v2\/pages"}],"about":[{"href":"https:\/\/cristaldent.sk\/index.php?rest_route=\/wp\/v2\/types\/page"}],"author":[{"embeddable":true,"href":"https:\/\/cristaldent.sk\/index.php?rest_route=\/wp\/v2\/users\/1"}],"replies":[{"embeddable":true,"href":"https:\/\/cristaldent.sk\/index.php?rest_route=%2Fwp%2Fv2%2Fcomments&post=41"}],"version-history":[{"count":74,"href":"https:\/\/cristaldent.sk\/index.php?rest_route=\/wp\/v2\/pages\/41\/revisions"}],"predecessor-version":[{"id":314,"href":"https:\/\/cristaldent.sk\/index.php?rest_route=\/wp\/v2\/pages\/41\/revisions\/314"}],"wp:featuredmedia":[{"embeddable":true,"href":"https:\/\/cristaldent.sk\/index.php?rest_route=\/wp\/v2\/media\/220"}],"wp:attachment":[{"href":"https:\/\/cristaldent.sk\/index.php?rest_route=%2Fwp%2Fv2%2Fmedia&parent=41"}],"curies":[{"name":"wp","href":"https:\/\/api.w.org\/{rel}","templated":true}]}}